t(-10).
-39
Let j(q) = -q**3 + 2*q**2 - 6*q + 14. Determine j(3).
-13
Let q(c) = -c**3 - 8*c**2 - 2*c - 15. Give q(-8).
1
Let o(z) = z**2 - 17*z + 21. What is o(15)?
-9
Let z(h) = 2*h + 3. What is z(-3)?
-3
Let i(f) = -4*f**2 - 50*f - 138. Determine i(-3).
-24
Let c(d) = d - 3. Give c(13).
10
Let f(t) = -2*t**3 - 6*t**2 - 3*t + 5. What is f(-4)?
49
Let y(s) = s**2 + 7*s - 30. Determine y(-10).
0
Let y(i) = 28*i + 61. Give y(-2).
5
Let y(c) = -2*c - 39. What is y(-24)?
9
Let w(s) = s**2 - 4*s + 4. Determine w(4).
4
Let c(t) = t**2 + 8*t - 20. Give c(-9).
-11
Let q(z) = -z**2 + 19*z + 14. Calculate q(17).
48
Let i(l) = -l**3 - 33*l**2 - 118*l - 47. Give i(-29).
11
Let p(c) = -c**3 + 20*c**2 + 42*c + 8. What is p(22)?
-36
Let l(c) = -c**2 + c + 2. Give l(2).
0
Let g(a) = -a**2 + 15*a - 49. Calculate g(14).
-35
Let r(l) = 2*l + 11. Determine r(-3).
5
Let f(a) = -a**3 + 35*a**2 - 32*a + 80. Determine f(34).
148
Let q(f) = -2*f**3 + 4*f**2 - 4*f. Determine q(3).
-30
Let w(m) = 9*m**2 - 9*m + 10. What is w(1)?
10
Let v(d) = -d**3 - d**2 + 6*d + 13. Calculate v(-3).
13
Let r(p) = p**3 - 3*p**2 - 2*p - 4. What is r(3)?
-10
Let i(n) = n**2 - 10*n - 4. Determine i(11).
7
Let y(f) = -5*f**2 - 40*f + 11. Give y(-8).
11
Let h(m) = -2*m**2 - 8*m + 19. Determine h(-10).
-101
Let z(n) = -12*n + 714. Calculate z(59).
6
Let u(l) = -l**2 - 5*l. What is u(-6)?
-6
Let t(k) = k**2 - 25*k + 118. Determine t(12).
-38
Let p(q) = 2*q**3 + 31*q**2 - 91*q - 16. Determine p(-18).
2
Let q(c) = -c**2 - 1. Give q(-2).
-5
Let s(t) = -8*t**2 - 2*t - 1. What is s(-1)?
-7
Let z(d) = -d**2 - 3*d + 2. Determine z(-5).
-8
Let b(c) = 54*c - 1. Give b(1).
53
Let c(w) = 2*w - 46. Give c(35).
24
Let n(c) = -c**2 - 6*c + 6. Determine n(-8).
-10
Let q(h) = -h**3 + 5*h**2 + h - 16. What is q(3)?
5
Let s(q) = -10*q - 132. What is s(-10)?
-32
Let g(y) = 2*y**3 - 23*y**2 - 11*y + 12. What is g(12)?
24
Let w(s) = s**2 - 3*s + 5. Calculate w(5).
15
Let m(j) = -j**2 - 3*j - 3. What is m(3)?
-21
Let o(m) = -5*m + 20. Calculate o(8).
-20
Let x(h) = h**3 + 4*h**2 + 2*h + 5. What is x(-4)?
-3
Let z(f) = 2*f**2 + 2*f + 9. Determine z(-5).
49
Let p(u) = 7*u + 26. Determine p(-3).
5
Let t(k) = k**2 + 7*k - 106. Determine t(8).
14
Let i(w) = w + 7. What is i(-5)?
2
Let h(q) = q - 5. What is h(-3)?
-8
Let p(b) = 11*b - 182. Determine p(17).
5
Let z(h) = h - 14. Determine z(21).
7
Let g(b) = b**2 - 8*b - 7. Determine g(5).
-22
Let b(x) = 15*x**3 + 2*x**2 + x. Determine b(-1).
-14
Let k(u) = 2*u**2 + 4*u - 2. Calculate k(3).
28
Let c(u) = -6*u - 74. Give c(-13).
4
Let k(p) = 18*p + 212. What is k(-12)?
-4
Let b(a) = -3*a**2. What is b(0)?
0
Let b(g) = 2*g**2 + 27*g - 40. Determine b(-15).
5
Let g(u) = 43*u + 279. What is g(-6)?
21
Let b(x) = -x**2 - 12*x - 26. Give b(-9).
1
Let i(g) = 5*g - 6. What is i(4)?
14
Let d(w) = -w**3 + 10*w**2 - 9*w + 1. Determine d(8).
57
Let o(z) = -z - 26. Determine o(0).
-26
Let v(f) = 26*f + 95. Give v(-4).
-9
Let h(n) = -n**2 + 9*n - 14. What is h(8)?
-6
Let m(d) = -d**3 + 2*d**2 + 24*d + 4. What is m(6)?
4
Let f(w) = -5*w + 12. What is f(5)?
-13
Let v(d) = -d - 49. Determine v(-21).
-28
Let k(j) = -3*j - 15. Give k(2).
-21
Let q(c) = 2*c - 15. Give q(7).
-1
Let s(o) = o**2 - 4*o + 6. Determine s(2).
2
Let y(c) = -c**2 - 4*c - 15. Determine y(-8).
-47
Let c(o) = -o**2 - 4*o + 9. Determine c(6).
-51
Let k(t) = t**3 - 6*t**2 - 6*t - 1. Give k(7).
6
Let v(z) = -80*z + 315. What is v(4)?
-5
Let v(s) = -3*s + 101. What is v(33)?
2
Let p(h) = h**2 + 11*h - 3. What is p(-4)?
-31
Let b(m) = -m**3 - 5*m**2 - 10*m + 6. Give b(-5).
56
Let q(o) = -o + 4. What is q(12)?
-8
Let q(b) = -4*b + 2. Calculate q(2).
-6
Let v(s) = -s**2 - 19*s - 23. What is v(-16)?
25
Let r(o) = o**3 + o**2 + o + 4. What is r(0)?
4
Let k(v) = v - 1. What is k(5)?
4
Let t(i) = i**2 - 9*i + 29. Determine t(8).
21
Let j(f) = -f**3 - 9*f**2 + 3. Determine j(-9).
3
Let o(l) = 2*l - 1. What is o(13)?
25
Let b(l) = -l**2 - 3*l - 21. What is b(7)?
-91
Let l(f) = -f**3 - f**2 + 4*f. Give l(-3).
6
Let c(u) = 2*u**3 - 19*u**2 + 9*u + 34. What is c(9)?
34
Let f(g) = -g**3 - 14*g**2 + 34*g - 2. What is f(-16)?
-34
Let t(j) = -3*j - 37. Determine t(-6).
-19
Let j(n) = n - 20. Give j(8).
-12
Let n(s) = 5*s**2 - 37*s + 14. Calculate n(7).
0
Let q(a) = -24*a**2 - 2*a - 4. Give q(-1).
-26
Let k(c) = c**2 + 4*c - 11. Calculate k(0).
-11
Let c(x) = -2*x**3 + 4*x**2 + 4*x + 2. Determine c(4).
-46
Let t(d) = 3*d + 13. Determine t(-6).
-5
Let f(k) = -2*k**3 + k**2 - 2*k - 1. Give f(3).
-52
Let n(i) = 2*i**2 - 62*i - 10. Give n(31).
-10
Let c(b) = -b**2 + 7*b + 8. Determine c(6).
14
Let f(y) = 6*y - 13. Determine f(-5).
-43
Let j(v) = -2*v - 7. Determine j(8).
-23
Let v(a) = a**3 - 9*a**2 + 16*a + 7. Determine v(8).
71
Let v(a) = -a**3 + a**2 - 5*a + 10. What is v(3)?
-23
Let z(l) = 22*l + 1. Give z(4).
89
Let n(d) = 2*d**2. Calculate n(1).
2
Let c(x) = 2*x**3 - 7*x**2 - 4*x + 12. Determine c(2).
-8
Let d(m) = 7*m - 228. What is d(33)?
3
Let c(k) = -5*k**3 + 2*k**2 - k - 1. Calculate c(2).
-35
Let z(n) = -n**3 + 9*n**2 - 8*n - 14. Calculate z(8).
-14
Let j(p) = 16*p - 34. Determine j(5).
46
Let s(p) = p**3 - 4*p**2 - 3. Calculate s(3).
-12
Let o(b) = -12*b - 92. Determine o(-8).
4
Let h(u) = 3*u**2 - 15*u - 159. Calculate h(-5).
-9
Let z(m) = -8*m - 93. Give z(-13).
11
Let j(h) = h**2 + 11*h + 19. Determine j(-7).
-9
Let c(j) = j**2 + 2*j. Calculate c(-4).
8
Let x(d) = -6*d - 18. What is x(-7)?
24
Let s(n) = 4*n - 37. Determine s(13).
15
Let y(x) = 12*x - 342. Calculate y(28).
-6
Let x(t) = -t**3 - 30*t**2 - 105*t - 32. Give x(-26).
-6
Let v(n) = -n**2 - 9*n - 14. Give v(0).
-14
Let v(p) = -23*p**2 + 368*p + 17. Determine v(16).
17
Let h(l) = -l**3 - 10*l**2 + 23*l + 18. What is h(-12)?
30
Let c(i) = -i**2 + 13*i - 30. Give c(9).
6
Let a(t) = t**2 + 10*t + 10. What is a(-9)?
1
Let c(k) = -k**2 + 25*k - 144. Determine c(16).
0
Let s(l) = -l**2 + 7*l. Determine s(5).
10
Let v(b) = b**2 + 18*b - 96. Determine v(-22).
-8
Let v(d) = 2*d + 12. Give v(-9).
-6
Let l(x) = 7*x**2 + 73*x - 39. Give l(-11).
5
Let n(v) = -v**3 - 6*v**2 + 16*v + 55. Calculate n(-6).
-41
Let t(f) = 6*f + 38. Give t(-5).
8
Let l(y) = y - 10. Give l(3).
-7
Let x(b) = b**2 - 13*b + 9. Determine x(11).
-13
Let f(s) = -s**3 - 9*s**2 + 14*s + 42. Calculate f(-10).
2
Let b(d) = 2*d**3 + 2*d**2 - 4*d + 1. Calculate b(-3).
-23
Let u(f) = f - 1. What is u(1)?
0
Let f(t) = -t**2 - 16*t + 13. What is f(-17)?
-4
Let u(p) = -p**2 - p. What is u(-4)?
-12
Let k(i) = 100*i**3 + i + 1. Give k(-1).
-100
Let u(v) = v**2 + 12*v - 318. Determine u(-25).
7
Let v(n) = -2*n + 6. What is v(10)?
-14
Let i(b) = -b**2 + 3*b - 1. Determine i(0).
-1
Let z(g) = 4*g**2 - 11*g. What is z(2)?
-6
Let l(u) = -u**2 - 9*u + 17. Give l(-10).
7
Let a(w) = 9*w + 34. Determine a(-3).
7
Let u(v) = v**2 - 14*v + 13. Determine u(13).
0
Let a(b) = b + 15. What is a(8)?
23
Let y(f) = f**2 - 19*f - 38. What is y(20)?
-18
Let t(v) = 3*v**2 - 15*v - 2. Calculate t(5).
-2
Let p(c) = -21*c**3 + c**2 - 5*c + 4. Determine p(1).
-21
Let x(g) = g**2 - 32*g + 260. What is x(17)?
5
Let l(o) = -5*o**2 + 9*o + 3. Give l(-3).
-69
Let n(l) = -l**2 - 2. What is n(-2)?
-6
Let r(m) = 2*m**3 + 3*m**2 + 2*m + 1. What is r(-3)?
-32
Let t(y) = y**3 - 12*y**2 + 10*y + 3. What is t(11)?
-8
Let q(o) = 41*o - 733. Give q(18).
5
Let o(a) = a**2 - 8*a - 16. Give o(11).
17
Let a(x) = -3*x - 9. Determine a(-5).
6
Let p(u) = u**3 + 14*u**2 - u - 7. Give p(-14).
7
Let f(q) = -2*q - 13. Calculate f(-4).
-5
Let a(j) = j + 20. What is a(11)?
31
Let u(w) = -w + 8. What is u(2)?
6
Let f(v) = -11*v + 2. What is f(-3)?
35
Let h(g) = -g**3 - 29*g**2 + 95*g - 40. Calculate h(-32).
-8
Let p(b) = -4*b**2 - b + 2. Determine p(5).
-103
Let j(w) = -8*w + 45. Determine j(5).
5
Let y(g) = g**3 - 8*g**2 + 9*g + 9. Calculate y(6).
-9
Let u(d) = -d**2 + 3*d + 11. What is u(6)?
-7
Let z(s) = s**3 + 5*s**2 - 7. Give z(-5).
-7
Let o(l) = l + 7. What is o(-3)?
4
Let v(s) = s**3 - 30*s**2 + 58*s - 65. Calculate v(28).
-9
Let g(x) = -x**3 - 6*x**2 + 3*x - 2. Determine g(-6).
-20
Let c(v) = -2*v**2 + v + 2. Give c(2).
-4
Let a(c) = 10*c**2 - 2. What is a(1)?
8
Let q(m) = -m**2 + 16*m - 12. Give q(11).
43
Let d(q) = -q**2 - 6*q - 17. Calculate d(-4).
-9
Let t(z) = 2